29598 is divided by 253?
250
What is the remainder when 97 is divided by 16?
1
What is the remainder when 367 is divided by 157?
53
What is the remainder when 126 is divided by 16?
14
What is the remainder when 24 is divided by 18?
6
Calculate the remainder when 403 is divided by 179.
45
Calculate the remainder when 420 is divided by 103.
8
What is the remainder when 211 is divided by 69?
4
Calculate the remainder when 12 is divided by 6.
0
What is the remainder when 1038 is divided by 212?
190
What is the remainder when 22 is divided by 2?
0
What is the remainder when 77 is divided by 20?
17
What is the remainder when 1171 is divided by 9?
1
Calculate the remainder when 240 is divided by 11.
9
Calculate the remainder when 104 is divided by 93.
11
Calculate the remainder when 420 is divided by 405.
15
Calculate the remainder when 70 is divided by 24.
22
Calculate the remainder when 51 is divided by 2.
1
What is the remainder when 393 is divided by 166?
61
What is the remainder when 104 is divided by 32?
8
Calculate the remainder when 211 is divided by 54.
49
What is the remainder when 1978 is divided by 29?
6
Calculate the remainder when 97 is divided by 59.
38
What is the remainder when 491 is divided by 158?
17
What is the remainder when 94 is divided by 29?
7
What is the remainder when 190 is divided by 143?
47
What is the remainder when 42 is divided by 8?
2
Calculate the remainder when 1238 is divided by 31.
29
Calculate the remainder when 5865 is divided by 173.
156
What is the remainder when 128 is divided by 53?
22
What is the remainder when 235 is divided by 34?
31
What is the remainder when 21 is divided by 16?
5
Calculate the remainder when 1158 is divided by 304.
246
What is the remainder when 7166 is divided by 3583?
0
What is the remainder when 241 is divided by 13?
7
What is the remainder when 1480 is divided by 68?
52
Calculate the remainder when 1292 is divided by 618.
56
What is the remainder when 84 is divided by 31?
22
What is the remainder when 823 is divided by 69?
64
Calculate the remainder when 446 is divided by 30.
26
What is the remainder when 638 is divided by 10?
8
Calculate the remainder when 4727 is divided by 43.
40
Calculate the remainder when 1402 is divided by 139.
12
What is the remainder when 3227 is divided by 24?
11
Calculate the remainder when 1107 is divided by 30.
27
What is the remainder when 254 is divided by 64?
62
Calculate the remainder when 16823 is divided by 7.
2
Calculate the remainder when 5019 is divided by 20.
19
What is the remainder when 1678 is divided by 56?
54
What is the remainder when 19 is divided by 10?
9
What is the remainder when 1095 is divided by 100?
95
Calculate the remainder when 222 is divided by 106.
10
What is the remainder when 5624 is divided by 17?
14
Calculate the remainder when 822 is divided by 218.
168
What is the remainder when 142 is divided by 29?
26
Calculate the remainder when 799 is divided by 24.
7
What is the remainder when 1897 is divided by 119?
112
Calculate the remainder when 39 is divided by 25.
14
Calculate the remainder when 849 is divided by 37.
35
What is the remainder when 3862 is divided by 46?
44
Calculate the remainder when 305 is divided by 18.
17
What is the remainder when 132 is divided by 76?
56
Calculate the remainder when 349 is divided by 25.
24
Calculate the remainder when 589 is divided by 102.
79
Calculate the remainder when 204 is divided by 45.
24
Calculate the remainder when 291 is divided by 49.
46
What is the remainder when 6116 is divided by 20?
16
Calculate the remainder when 443 is divided by 138.
29
What is the remainder when 6438 is divided by 184?
182
Calculate the remainder when 97 is divided by 34.
29
What is the remainder when 145 is divided by 21?
19
What is the remainder when 2816 is divided by 60?
56
What is the remainder when 98 is divided by 4?
2
Calculate the remainder when 729 is divided by 61.
58
What is the remainder when 1836 is divided by 80?
76
Calculate the remainder when 287 is divided by 103.
81
Calculate the remainder when 20490 is divided by 11.
8
Calculate the remainder when 389 is divided by 4.
1
What is the remainder when 127 is divided by 50?
27
Calculate the remainder when 56 is divided by 19.
18
What is the remainder when 4702 is divided by 12?
10
What is the remainder when 1505 is divided by 189?
182
Calculate the remainder when 9184 is divided by 219.
205
What is the remainder when 585 is divided by 19?
15
What is the remainder when 221 is divided by 74?
73
What is the remainder when 137 is divided by 34?
1
What is the remainder when 100 is divided by 15?
10
Calculate the remainder when 6844 is divided by 167.
164
What is the remainder when 1733 is divided by 17?
16
What is the remainder when 274 is divided by 9?
4
Calculate the remainder when 274 is divided by 39.
1
What is the remainder when 2715 is divided by 41?
9
What is the remainder when 12223 is divided by 15?
13
What is the remainder when 1491 is divided by 360?
51
Calculate the remainder when 81 is divided by 9.
0
Calculate the remainder when 3552 is divided by 51.
33
What is the remainder when 575 is divided by 143?
3
Calculate the remainder when 1079 is divided by 9.
8
What is the remainder when 40 is divided by 21?
19
Calculate the remainder when 183 is divided by 43.
11
What is the remainder when 206 is divided by 74?
58
Calculate the remainder when 63 is divided by 20.
3
Calculate the remainder when 2828 is divided by 19.
16
What is the remainder when 53 is divided by 28?
25
Calculate the remainder when 445 is divided by 444.
1
What is the remainder when 152 is divided by 146?
6
Calculate the remainder when 5162 is divided by 22.
14
Calculate the remainder when 1825 is divided by 59.
55
Calculate the remainder when 1124 is divided by 24.
20
What is the remainder when 13194 is divided by 43?
36
Calculate the remainder when 1592 is divided by 116.
84
Calculate the remainder when 47 is divided by 38.
9
Calculate the remainder when 201 is divided by 112.
89
What is the remainder when 458 is divided by 41?
7
Calculate the remainder when 92 is divided by 19.
16
What is the remainder when 1319 is divided by 52?
19
What is the remainder when 478 is divided by 47?
8
Calculate the remainder when 1014 is divided by 131.
97
Calculate the remainder when 72 is divided by 63.
9
Calculate the remainder when 943 is divided by 22.
19
Calculate the remainder when 501 is divided by 59.
29
Calculate the remainder when 10 is divided by 3.
1
What is the remainder when 19 is divided by 6?
1
Calculate the remainder when 77 is divided by 21.
14
Calculate the remainder when 158 is divided by 30.
8
What is the remainder when 166 is divided by 96?
70
Calculate the remainder when 271 is divided by 96.
79
What is the remainder when 349 is divided by 7?
6
Calculate the remainder when 32147 is divided by 19.
18
Calculate the remainder when 165 is divided by 86.
79
What is the remainder when 397 is divided by 135?
127
Calculate the remainder when 203 is divided by 168.
35
Calculate the remainder when 247 is divided by 35.
2
What is the remainder when 472 is divided by 95?
92
What is the remainder when 2747 is divided by 10?
7
Calculate the remainder when 117 is divided by 63.
54
Calculate the remainder when 247 is divided by 74.
25
What is the remainder when 24 is divided by 6?
0
What is the remainder when 1864 is divided by 18?
10
Calculate the remainder when 223 is divided by 76.
71
What is the remainder when 815 is divided by 63?
59
What is the remainder when 68 is divided by 38?
30
What is the remainder when 213 is divided by 19?
4
Calculate the remainder when 34 is divided by 10.
4
Calculate the remainder when 297 is divided by 23.
21
Calculate the remainder when 5073 is divided by 47.
44
Calculate the remainder when 56 is divided by 40.
16
What is the remainder when 1653 is divided by 8?
5
Calculate the remainder when 47 is divided by 8.
7
Calculate the remainder when 19462 is divided by 124.
118
Calculate the remainder when 644 is divided by 72.
68
What is the remainder when 13938 is divided by 17?
15
Calculate the remainder when 816 is divided by 39.
36
Calculate the remainder when 250 is divided by 64.
58
What is the remainder when 22 is divided by 6?
